12 + 265. Let d(t) = t**2 - 17*t - 17. Let k be d(a). Calculate the greatest common divisor of k and 388.
97
Suppose 68 + 221 = 9*p - 431. Calculate the highest common divisor of 1840 and p.
80
Suppose -829 = -5*w + 5*b - b, 2*w + 2*b = 328. Calculate the highest common divisor of 45 and w.
15
Let p be ((-416)/(-48) + -13)*-2*6*11. Calculate the greatest common factor of p and 528.
44
Suppose 0 = -q + 2*u + 17, 2*u - u - 2 = -q. Let b be 1142/10 - 14/70. Let t = -86 + b. What is the highest common factor of q and t?
7
Suppose 219 = 4*y + 5*r, -3*y - 4 = -r - 192. Suppose -5*p = 3*q - 763, -5*p - 4*q + y = -698. What is the greatest common factor of p and 62?
31
Let h = 105 + -101. Suppose 0 = h*m + 8*m - 2772. Let d be (-586)/(-7) - (-5 + m/49). What is the greatest common divisor of 28 and d?
28
Let s(o) = -o - 11. Let g be s(-32). Let t be (-23 - 1)*(1 + (-35)/g). Calculate the highest common divisor of 272 and t.
16
Let a(f) = -f**3 - 14*f**2 - 14*f - 9. Let z = 37 - 51. Let p be a(z). Suppose 7*n = 8*n - p. Calculate the greatest common divisor of n and 17.
17
Let j(b) = 4*b - 13. Suppose 3*v = -2*v + 15, -3*a = 2*v + 18. Let x be (a - -4)*(0/(-2) + -1). Let i be j(x). Calculate the greatest common factor of 39 and i.
3
Let v be ((-6)/(-11))/(93/341). Let t = 24 + -14. What is the greatest common factor of t and v?
2
Let z be 5/15 - (-836)/3. Suppose 44*m - 4815 - 14903 = -3350. What is the greatest common factor of m and z?
93
Let v be (-358)/1253 - (-1 - 9/7). Calculate the greatest common divisor of 3282 and v.
2
Let k = 2214 + -2124. Calculate the greatest common divisor of 936 and k.
18
Let r be 231/165 + -3 + 36/10. What is the highest common factor of r and 13?
1
Let j(n) = -6*n**2 - 74*n - 34. Let q(t) = -2*t**2 - 25*t - 10. Let z(h) = 3*j(h) - 8*q(h). Let l be z(-9). What is the greatest common divisor of l and 112?
14
Let o = -1209 - -1210. What is the highest common divisor of 218 and o?
1
Let t be (1593/135 + -9)*5*5. What is the highest common factor of t and 4725?
35
Suppose -3*y + 416 = -2*i - 7*y, 0 = -i + 3*y - 223. Let r = i - -226. What is the highest common divisor of r and 24?
12
Let u(v) = 122*v**3 - 186*v**3 - 13*v - 14 - 96*v**3 + v**2. Let h be u(-1). Calculate the greatest common divisor of h and 10.
10
Let g be (-505)/20 + 25 + 110091/12 + 2. What is the highest common divisor of 8 and g?
8
Let a = 31443 + -31226. What is the highest common factor of 5735 and a?
31
Let j(o) = -o**3 - 3*o**2 - 9*o. Let h be j(-6). Let k(z) = -3*z**2 + 404*z + 11078. Let f be k(158). What is the highest common factor of f and h?
18
Suppose -2074 = -60*z + 746. What is the highest common divisor of 8883 and z?
47
Let g = 22 - 20. Suppose -b - 12 = -4*o, 8 + 0 = g*b. Suppose 5*j = -5*t + t + 36, -16 = o*j. What is the greatest common divisor of t and 56?
14
Let a = -3594 - -3637. Calculate the greatest common factor of 731 and a.
43
Let a(u) = 79*u + 11. Let m be a(5). Let v be (-174)/29*58/(-6). Calculate the highest common divisor of v and m.
58
Suppose -759 - 905 = -52*p. What is the greatest common factor of p and 56?
8
Suppose 2*f - 1336 = 164. Suppose -11*u + 16*u = f. Calculate the greatest common divisor of u and 6.
6
Suppose -2*x + 3*x = -4*f + 2095, -f + 532 = 3*x. Let r = f - 131. Calculate the greatest common divisor of 42 and r.
14
Let r = 116 - 123. Let q(s) = -s**2 - 11*s - 20. Let f be q(r). Calculate the highest common divisor of f and 40.
8
Let q(y) be the second derivative of 0 + 13/20*y**5 + 1/6*y**3 - 30*y - y**2 + 0*y**4. Let m be q(2). Calculate the highest common divisor of m and 13.
13
Let d(v) = v**3 - 13*v**2 - 29*v - 11. Let z be d(15). Suppose -726 = -6*n + 3*n + z*o, -3*n + 705 = 3*o. What is the greatest common divisor of n and 68?
34
Suppose 2*i - 2*r = -26, 5*i = 3*i - 4*r - 8. Let x be (-50)/i - (1 - -2). Suppose x*k = -5*l + 38, 9 = 2*l + 1. What is the highest common divisor of 27 and k?
9
Let z(g) = 155*g**3 + 3*g**2 + g. Let r be z(2). Suppose -4*p + 2*n = -r, 1257 = 4*p - 9*n + 6*n. What is the greatest common divisor of p and 13?
13
Suppose -62*r + 468729 + 266715 = 0. What is the greatest common divisor of r and 27?
9
Let i be (148 - -24)/((-7)/(-42)). Calculate the greatest common factor of i and 172.
172
Suppose 0 = -5*b - 2*l + 108 + 664, 4*b + 5*l - 621 = 0. Let c be ((-8)/(-88) - 0) + 4835/55. What is the greatest common divisor of c and b?
22
Let y be 1/((-4)/(-1002)) - ((-6603)/142 + 45). What is the greatest common factor of 2212 and y?
28
Let d be 247 + (-1 - (-2)/10)*(95 - 90). Calculate the greatest common factor of d and 153.
9
Suppose -2365 = -10*i - 1665. Calculate the highest common factor of i and 1330.
70
Suppose b - 3*s + 123 = -b, 2*s - 124 = 2*b. Suppose -3*x = 9*x - 804. Let o = x + b. Calculate the greatest common divisor of 12 and o.
4
Let d be 3/12 - 31/(-4). Let s be (-642)/(-3) + 9/54*12. Calculate the highest common factor of s and d.
8
Suppose 0 = -29*d - 3 + 815. Calculate the greatest common divisor of d and 287.
7
Suppose 0 = -6*o + 2*z + 4176, 2*o - 2*z - 806 = 590. What is the greatest common divisor of o and 417?
139
Let d(v) = v**3 - 18*v**2 + 8*v + 443. Let t be d(16). What is the greatest common factor of t and 14101?
59
Suppose 82*f = 83*f + i - 836, -4*f - 3*i + 3339 = 0. Calculate the greatest common divisor of f and 3.
3
Suppose -4*l = 2099 - 9987. Calculate the greatest common factor of 204 and l.
68
Let z be 2/(-5) + 381/15. Suppose 5*u - 8*u = 18. Let q be u/((-1)/(100/6)). What is the greatest common factor of q and z?
25
Let u be 131 + (-7)/((-28)/36). Suppose 735 = 4*v + 3*v. What is the highest common divisor of u and v?
35
Let v be (-14)/(-8)*2 + (-1)/2. Suppose v*o = o + 48. Suppose o*s = 25*s - 10. Calculate the greatest common divisor of 30 and s.
10
Let g be (1/2)/((-20)/(-2160)). What is the highest common factor of 42 and g?
6
Let b(c) = -6*c - 8. Let i be b(-4). Let m be i/12*435/2. Let u be 1/(-4) - m/(-8). Calculate the highest common divisor of u and 12.
12
Let g(j) be the first derivative of 11*j**2/2 - 47*j - 105. Let u be g(5). What is the greatest common factor of u and 2?
2
Suppose 4*q - 4*d - 2900 = 0, -531 = d - 530. What is the greatest common divisor of q and 4?
4
Let d = 378 + -334. Suppose -3*u - 2*u + 9 = 2*b, -u - 3 = -2*b. Let y be -2*(-27)/2*b + 1. What is the highest common divisor of d and y?
11
Suppose 3*r - 155 = -2*r. Suppose -46*x = -470 + 424. Calculate the greatest common divisor of r and x.
1
Let o = -125 + 260. Suppose 9*x - 17*x = -120. Calculate the highest common factor of o and x.
15
Let l be (-232)/(-20) - 4/(-10). Let p = 179 + -304. Let d = p - -221. Calculate the highest common factor of l and d.
12
Suppose -73 + 77 = 2*o. Suppose -4*t + o*t + 30 = -4*u, 2*u + 10 = 0. Let g be 1/3 - 328/(-6). What is the greatest common divisor of g and t?
5
Let i = 1030 + -1016. Calculate the highest common factor of i and 742.
14
Suppose 0 = -2*d + 415 + 3377. What is the greatest common factor of 72 and d?
24
Suppose 6 + 3 = 2*y - f, f = 5*y - 30. Suppose -y = c - 43. Suppose -2*j - j - 4*x + c = 0, -5*x = -j + 12. What is the highest common divisor of j and 18?
6
Suppose -7*c = 808 - 899. What is the highest common factor of 663 and c?
13
Let k(l) = 79*l - 143. Let v be k(1). Let q(b) = -b**2 + 5*b - 10. Let f be q(7). Let d = f - v. What is the highest common divisor of d and 5?
5
Suppose -35*k + 3378 + 244 = 262. Calculate the highest common divisor of k and 1104.
48
Suppose -4*g = -2*p - 62, -16*g = -14*g + 2*p - 46. Calculate the highest common factor of g and 5058.
18
Let o(g) = g**2 - 8*g - 80. Let h be 182/14 + (1 - (-1 - 2)). Let m be o(h). What is the greatest common factor of m and 219?
73
Let t(q) = 2*q**2 + 3*q + 41. Let f(g) = 1. Let s(a) = -5*f(a) + t(a). Let u be s(0). Suppose -u = 2*b - 102. What is the greatest common factor of 165 and b?
33
Let k be ((-5)/15)/(2/18) + -17. Let x be k/(-8)*(-1008)/(-30). What is the highest common factor of x and 308?
28
Let a = -5504 + 5534. Suppose 2*f = 3*f - 1. Let j(h) = 81*h**2 - 1. Let y be j(f). Calculate the highest common factor of a and y.
10
Let k(h) = 16*h - 1164. Let r be k(74). Let f be 81*1 - (-6 - -7). What is the highest common divisor of f an